vided by 107.
100
Let a(m) = m**2 - 9*m + 3. Suppose 0 = -2*k + 28 - 8. Suppose 0 = -22*t + 26*t - 200. What is the remainder when t is divided by a(k)?
11
Suppose -8*f = -24*f - 0*f + 2160. What is the remainder when 279 is divided by f?
9
Suppose -3*n = -u + 15, 3*u + 46 = 7*u + 2*n. What is the remainder when (-56)/24*9/(-1) is divided by u?
9
Let b = 424 - 274. Suppose q - 6*q + 745 = 0. What is the remainder when q is divided by 2*-4*b/(-48)?
24
Suppose 4*s - 1052 = 4*x, -3*s + 6*s - 777 = -3*x. Let j = -257 + s. Calculate the remainder when 44 is divided by j.
0
Let n = 54 - 38. What is the remainder when 63/(-14)*(-342)/27 is divided by n?
9
Suppose -16 = 3*g - 7*g, -28 = -4*a + g. Suppose z + 4 = 4*t, -t + 11 = 2*z - a. Calculate the remainder when (1/(-2))/((-1)/206) is divided by z.
7
Let i(g) = -g**3 + g**2 + 7*g + 6. Let b be (0 - (-4)/6)/(12/(-54)). What is the remainder when i(b) is divided by 6?
3
Suppose 5*b = 3*m + 37973, 5*m + b = 5*b - 63284. Let d be 2/9 + (m/18)/(-4). Suppose -6*k + d = -16. What is the remainder when k is divided by 12?
8
Suppose 3*v = -7*v + 3310. Let z = v - 272. Calculate the remainder when 173 is divided by z.
55
Suppose 1344 = 7*k + 5*k. Suppose 5*v - 5*c = 177 + 163, 2*v + 4*c = k. Calculate the remainder when v is divided by 28.
8
Suppose -3*f - 736 = 4*v - 2681, 0 = -f + 2*v + 625. What is the remainder when f is divided by 10?
9
Suppose 0 = -5*k + 18*r - 23*r + 5, k - 2*r = -5. Calculate the remainder when 13 + 228 - (-6 + 2)*k is divided by 14.
13
Let h(k) = -9*k + 72 + 19*k + 12. Calculate the remainder when h(-7) is divided by 6.
2
Let i = -4 + 25. Suppose i*b - 25*b = -40. What is the remainder when 16 is divided by (-12)/b*(-3 + 4/8)?
1
Let z = 6443 + -6237. What is the remainder when 1847 is divided by z?
199
Let o = 236 + 228. Suppose 4*p - h - 980 = 0, -5*h - o = -4*p + 516. What is the remainder when p is divided by 68?
41
Suppose i = 5*s + 13, 2*i - 3*s - 12 = -0*i. Suppose 2*p = -q + 16, 21 = 3*p - 4*q - i. What is the remainder when 165 is divided by p?
5
Let n = -34 + 40. What is the remainder when (-3760)/(-90) + 3*(-4)/(-54) is divided by (-5)/((n/36)/((-1)/2))?
12
Let y(w) be the first derivative of -5*w**2/2 - 45*w - 16. What is the remainder when 15 is divided by y(-10)?
0
Let q(u) = -15*u**2 - 1216*u - 27. Calculate the remainder when 1829 is divided by q(-81).
47
Let k(g) = -1630*g - 55264. Suppose 0 = n - 2*n + w + 26, 70 = 3*n + w. Calculate the remainder when k(-34) is divided by n.
12
Suppose -n - 5*j - 1980 = -6*n, 0 = 3*n + 4*j - 1223. Calculate the remainder when 432 is divided by n.
31
What is the remainder when 796 is divided by 144 - (1 + 2 - 2)/((-67)/(-134))?
86
Suppose 0 = 251*t - 171*t - 26960. Calculate the remainder when 380 is divided by t.
43
Suppose -4*w + 0*w = -132. Suppose -i - 9 = 8*i. Let m(d) = -12*d**3 + 3*d**2 + 4*d + 2. What is the remainder when w is divided by m(i)?
7
Suppose -24*v - 14851 = 4397. Let h = 895 + v. What is the remainder when h is divided by 9?
3
Let z be 5*1*(-3 + 9 + -5). Suppose -224 = -z*v + 2*f, f + 3 = 1. Suppose -2*i + 29 = -5*k - 3, k = -2*i + v. Calculate the remainder when 60 is divided by i.
18
Let k = 17060 + -17055. Suppose 4*v = 2*d + 12, 2*v - 12 = -5*d + 6. Suppose 2*i = 3*a + 9, -v*a + 3 - 10 = -i. What is the remainder when k is divided by i?
2
Suppose 0 = 13*h - 44 - 60. Suppose 0 = 10*k - h*k - 18. What is the remainder when 27 is divided by k?
0
Suppose -6*c + 12573 = 11*c + 1965. Calculate the remainder when c is divided by 89.
1
Suppose -3*u + 46 = -47. Let f(v) = -2*v**2 - 26*v - 22. Let y be f(-11). Suppose 0 = u*n - y*n - 234. Calculate the remainder when 100 is divided by n.
22
Let q(w) = -w**2 - 4*w + 1. Suppose 3*l - 4*t + 16 = 4*l, 3*l + 4*t = 8. Let a be q(l). What is the remainder when (-1)/(-1)*((a - 0) + 60) is divided by 13?
9
Suppose 3*r + 52 = 7*g - 2*g, -4*g + 48 = 4*r. Let b(q) = q**2 + 4*q + 4. Let c be b(-2). Let i = c - -3. What is the remainder when g is divided by i?
2
What is the remainder when 3367 is divided by 30/(-4)*(-9 + 7)?
7
Suppose -40 = -8*x, -x + 129 = -3*t - 299. Suppose -4*g = 8 + 4. What is the remainder when t/(-15) - g/5 is divided by 3?
1
Let v = 1078 + 366. Let u = 1462 - v. What is the remainder when 70 + (-1)/(-1) + -2 is divided by u?
15
Let d(m) = m**2 - 17*m + 20. Let b be d(8). Let i = 102 + b. Let c = i + -12. What is the remainder when c is divided by 20?
18
Suppose n - 5*n + 23 = -5*v, -4*n = 3*v + 1. Suppose -2*j = n*h - 22, 0*h - 2*h - 5*j + 19 = 0. Calculate the remainder when 59 is divided by h.
11
Suppose 5*f - 35 + 5 = 0. Let h(l) = -23*l - 256. Calculate the remainder when h(-12) is divided by f.
2
Let z(g) = -4*g + 90. Let l = 203 - 198. Calculate the remainder when 208 is divided by z(l).
68
Let d(p) = 40 - 31 - 14*p - 24. What is the remainder when d(-2) is divided by 1?
0
What is the remainder when 248 is divided by (-56)/(2 - (24/42 + 102/42))?
24
Calculate the remainder when 231 is divided by (71 - -4)*4/12.
6
Suppose 10 = l - 127*u + 131*u, 0 = 3*u + 6. Suppose -6 = -5*a - 1. Calculate the remainder when l is divided by 10 - (2 + -3 + a).
8
Suppose 5*a - v = 3*v + 309, -134 = -2*a - v. What is the remainder when 167 is divided by a?
37
Suppose -16*f = 3*o - 20*f - 728, -979 = -4*o - 3*f. Calculate the remainder when 356 is divided by o.
112
Let g be (-2)/1 + 77 + 1. Let j = g + -35. What is the remainder when 80 is divided by j?
39
Let s be -5 + 1 + 6 + 108. Suppose -5*j = -r + 58, s + 154 = 3*r + 3*j. What is the remainder when 164 is divided by r?
81
Suppose 0 = -2*q + u - 2*u + 48, 4*q = 2*u + 104. Suppose 0 = -q*j + 16*j + 414. Calculate the remainder when j is divided by (-1)/(10/28)*-5.
4
Let m be ((294/15)/(-1))/(8/(-20)). Let l = 213 + m. What is the remainder when l is divided by 38?
34
Let t = -20 + 29. Suppose -t*q + 13*q - 52 = 0. Suppose f = -10 + q. Calculate the remainder when 14 is divided by f.
2
Suppose 0 = -0*k + k + 20. Suppose 12*h - 27 + 3 = 0. Calculate the remainder when 35 is divided by (-7)/(-2)*h - (k + 17).
5
Suppose -2*k + 68*p - 70*p = -1436, -2*p = -2. Calculate the remainder when k is divided by 91.
80
Suppose -p + 188 = 2*j, 0 = 2*j + 5*p + 544 - 716. What is the remainder when j is divided by 7?
5
Let v(k) = -k**3 + 8*k**2 - 8*k + 12. Let z be 130 + 0 + 9/(9/(-2)). Suppose -13*j = -z + 37. What is the remainder when 52 is divided by v(j)?
2
Let o be 34/136 + ((-21)/4)/(-3). Let d be 36/42*(-28)/(-3). Suppose o*t + 60 = d*t. What is the remainder when 27 is divided by t?
7
Suppose 59*b - 3731 + 14 = 0. What is the remainder when b is divided by 20?
3
What is the remainder when 264 is divided by (-2177)/(-16) - (-14)/(-224)?
128
Suppose -470 = 95*p - 97*p. Let t = p - 232. What is the remainder when 4 is divided by t?
1
Suppose 0 = 4*x + 3*x - 7. Suppose 0 = 3*s - x - 5. Suppose s*a = -8 - 2, q - 181 = 2*a. Calculate the remainder when q is divided by 58.
55
Suppose 0 = -2*p - 2*b - 3*b - 1039, 2033 = -4*p + 5*b. Let q = p + 711. Calculate the remainder when q is divided by 70.
59
Let j(l) = 10 - 4*l + 2*l + 6*l + 32*l**2 + 4*l. Calculate the remainder when j(-1) is divided by 20.
14
Let t(z) = z**2 - 28*z + 47. Let x be t(27). What is the remainder when 1848/x - (-8)/(-20) is divided by 24?
20
Let j = 2875 + -2844. What is the remainder when 91 is divided by j?
29
Calculate the remainder when (750/(-4))/(36/16 - (-72)/(-24)) is divided by 18.
16
Suppose -n - 5064 = -13*n. Let p = n + -407. What is the remainder when p is divided by 9?
6
Let w(o) = -67*o + 198. Let p be w(3). Calculate the remainder when 922 is divided by (47 - 10 - 18/p) + -6.
34
Let n(h) = 2*h**2 + 6*h + 6. Let r be n(-2). Suppose -q = -4*q - w + 98, 0 = r*q - 2*w - 68. What is the remainder when 43 is divided by q?
10
Let n = 1904 + -1585. What is the remainder when n is divided by 14?
11
Let q(f) = -f**2 - 24*f + 115. Let c be q(-28). Calculate the remainder when 104 is divided by (3/c + -2)/((-5)/25).
4
Suppose -3*w + 150 = -5*f, -156*w - 2*f = -159*w + 168. What is the remainder when w is divided by 0 + -2 - (-27)/1?
10
Let q(k) = -54*k - 3581. Calculate the remainder when 485 is divided by q(-67).
4
Suppose 2*a = 3*a - 18. Suppose 10*b = 